st common factor of 27 and o?
9
Let d(h) = h**3 - 33*h**2 + 123*h + 11. Let g be d(29). Calculate the highest common factor of 321 and g.
107
Let m(z) = -9 - 8*z - 8 + 16 - 9*z**2 + z**3. Let k be m(10). Let y(c) = c**3 + 76. Let q be y(0). Calculate the greatest common divisor of q and k.
19
Let k = 1 + 7. Suppose -f = -w + 1, 5*f + 2*w = -88 + 118. What is the greatest common divisor of f and k?
4
Let a(s) = s**2 + 4*s - 17. Let r be a(-7). Suppose 0 = 5*w + 3*w - 64. Calculate the highest common factor of w and r.
4
Let t(k) = k**2 + 3*k + 19. Let z be t(-4). Let b = 94 + 113. What is the greatest common divisor of b and z?
23
Let x = 140 + 81. Calculate the greatest common factor of 17 and x.
17
Let c = -23 + 35. What is the highest common divisor of c and 15?
3
Suppose 0 = 4*c - 4 - 4. Suppose 3*z + 1 = 4, c*z = -3*g + 17. Suppose 3*m + 6 = -g*x, -2*m + 3*x + 24 = 3*m. What is the highest common factor of m and 3?
3
Let m be 2/2*(15 + -13). Suppose 0 = -5*r + 2*j + 457, 5*j = -3*r - m*r + 450. Calculate the greatest common factor of r and 13.
13
Let s(c) = 14 + c**3 - 6*c - 4*c**2 + c**3 + 15*c**2. Let t be s(-6). Calculate the greatest common factor of t and 14.
14
Let c(q) = 3*q**2 - 5*q - 1. Let v be c(4). Suppose 1102 - 1141 = -13*j. What is the highest common factor of v and j?
3
Let v(g) = g**3 - 5*g**2 + 6*g - 8. Let m be v(4). Let i be (33 - 0) + -1 - m. Calculate the highest common factor of 160 and i.
32
Let b(k) = k**3 - 3*k**2 + k. Let z be b(3). Suppose d = 5 + z. Calculate the highest common factor of d and 2.
2
Let p = 659 + -464. What is the greatest common divisor of p and 520?
65
Let x(a) = 2*a**2 - 7*a - 43. Let o be x(12). What is the greatest common divisor of 7 and o?
7
Let l be 4/((-6)/12 + 12/21). Let m be (-6 - -4) + 0 + l. Let q(z) = -z**3 - 7*z**2 + 4*z + 9. Let p be q(-9). What is the greatest common divisor of m and p?
27
Suppose -p = -4*o - 14, 0 = -22*p + 20*p + 4*o + 16. Suppose 2*f = 6*f - 20, -7 = -2*k + 5*f. What is the greatest common divisor of k and p?
2
Let c be -3*(-6)/8*4. Let w(i) = i**3 - 8*i**2 - 7*i - 6. Let z be w(c). Calculate the highest common factor of 60 and z.
12
Suppose -3*k + 594 = 3*k. What is the highest common divisor of 11 and k?
11
Let j = 2621 + -1854. Calculate the highest common factor of j and 26.
13
Suppose 3*c + 598 = 748. What is the greatest common factor of 125 and c?
25
Suppose 24*a - 15*a = -27. Let w = 10 + a. What is the highest common divisor of w and 56?
7
Suppose k - 7 = -4. Suppose -540 = -5*c - 3*x, 7*c - 432 = 3*c - k*x. Calculate the highest common factor of c and 12.
12
Suppose 3*f - d = 865, -1147 = -4*f - 4*d - d. Suppose 5*r = 20, -f = -5*p - 2*r - 0*r. What is the highest common factor of 21 and p?
7
Let u(i) = 41*i**2 - 4*i + 3. Let d be u(-3). Calculate the greatest common divisor of 12 and d.
12
Let t(o) = o**3 - 15*o**2 + 16*o - 24. Let s be t(13). Let d = 46 - s. What is the highest common divisor of 8 and d?
8
Let k be (48/(-112))/((-1)/7). Suppose 3*y - 2*y + 3 = -3*h, h + k = 0. What is the highest common divisor of y and 2?
2
Let x(d) = 2*d - 2. Suppose b + 28 = 5*y, y - 3*b = 2*y - 12. Let h be x(y). Calculate the highest common factor of h and 110.
10
Suppose -11*m + 21079 = 4843. Calculate the highest common divisor of m and 6.
6
Let y be ((-1)/(-2))/((-1)/3)*-6. Let s(a) = 33*a - 3. Let d be s(2). What is the greatest common divisor of y and d?
9
Suppose -4*j + 2*k + 688 = -k, -4*k = 4*j - 716. Let q = 382 - j. What is the highest common factor of 23 and q?
23
Let f = -19 + 6. Let o = -4 - f. Suppose -4*u + 5*b = -304, -3*u - 2*u + 2*b + 397 = 0. Calculate the highest common divisor of o and u.
9
Suppose 2*f = 10*f - 1880. Calculate the greatest common factor of 94 and f.
47
Suppose -682 = 5*x + 3168. Let r be 4/(-16) + x/(-8). Calculate the greatest common divisor of r and 24.
24
Suppose 8*w - 55 = 3*w. Suppose -3*a + w + 13 = 0. Suppose 0 = -4*i + a + 4. What is the greatest common factor of i and 21?
3
Suppose 0*i - 177 = -2*z + 5*i, z - 4*i - 87 = 0. Let x = 2 - -2. Suppose -q + c = -19, 5*q + 3*c = x*c + z. Calculate the highest common factor of 54 and q.
18
Let n = 53 - 36. Suppose 2*c + 5*u - 109 = 0, 0*c - 5*u - n = -c. Let f(b) = -6*b**3 + b**2 + b. Let k be f(-1). What is the greatest common divisor of c and k?
6
Suppose -17*s + 287 + 19 = 0. What is the highest common factor of 1854 and s?
18
Let i(s) = -2*s**2 + s + 6. Let g be i(0). Suppose g*p - 260 = p. Suppose -63 = -4*o - 11. Calculate the greatest common divisor of p and o.
13
Let c = -173 - -318. Suppose u - l - c = 0, -5*u + 5*l + 302 = -3*u. What is the greatest common divisor of 47 and u?
47
Suppose -46869 + 11895 = -18*f. What is the greatest common divisor of 58 and f?
29
Suppose 220 = 5*a + 5*l, 10*a - 2*l = 8*a + 88. Calculate the greatest common divisor of 484 and a.
44
Let t = 24 - -9. Let j be (4 + -3)*2 - -2. Suppose 1 = -y + j. Calculate the greatest common divisor of t and y.
3
Let z(w) = 2*w**2 - 3*w - 15. Let p be z(-7). Let u = p + -48. Calculate the greatest common divisor of u and 84.
28
Let x = 30 - 10. Suppose -5*t - k + 54 = 0, 0 = -t - 3*k + 11 + 11. What is the greatest common factor of x and t?
10
Let t(u) = -u**3 - 13*u**2 + 87*u + 7. Let k be t(-18). What is the highest common factor of k and 854?
61
Suppose 0 = 9*j - 13*j - 3*m + 327, -2*m = 4*j - 330. Calculate the highest common divisor of 24 and j.
12
Suppose -348 = -4*t - 4*n, 8*t - 9*t = -2*n - 90. What is the highest common divisor of t and 473?
11
Let r(m) = -m**3 + 6*m + 0*m**3 + 1 - 3*m + 11*m**2 - 4*m. Let k be r(11). Let t = 12 + k. Calculate the highest common divisor of t and 5.
1
Let b = -14 + 7. Let i = -6 - b. Suppose -5*q = -174 - i. What is the highest common divisor of q and 7?
7
Let p(w) = w**3 - w**2 - 30*w - 4. Let f be p(7). What is the highest common divisor of 16 and f?
16
Let c(y) = 15*y**2 - 13*y + 14. Let q be c(6). Calculate the greatest common divisor of 136 and q.
68
Suppose -25 = -10*b + 75. What is the greatest common factor of b and 320?
10
Suppose -3*r + 10 = -4*r. Let v(y) = -y**2 - 11*y + 6. Let i be v(-10). Let s = i + r. Calculate the greatest common factor of s and 48.
6
Suppose 0 = -1879*i + 1882*i - 126. What is the greatest common divisor of i and 36?
6
Let p(a) = a**2 + 3*a - 6. Let y be p(8). Let v = y + -142. Let g = 89 + v. Calculate the greatest common factor of g and 145.
29
Let p(l) = l + 7. Let m be p(-4). Suppose 0 = -a + 1004 - 1001. Let r be (-4 + m)/(a/(-63)). Calculate the greatest common factor of r and 21.
21
Suppose 4 = -3*p + 7*p. Let u = p - -124. What is the greatest common divisor of 25 and u?
25
Suppose 0 = -5*v - x - 192, 2*v - 42 = 3*v + 2*x. Let q be (-6)/(-12)*(v/(-2) - 3). What is the highest common factor of q and 4?
4
Let k be (3/15)/(2562/(-285) - -9). What is the greatest common factor of 5890 and k?
19
Let i = -5 - -14. Let a = -6006 - -6033. Calculate the greatest common factor of a and i.
9
Suppose -3*r + 2*v + 7 = -8, 0 = -5*r + 5*v + 25. Let d = 31 + -43. Let x be 330/9*d/(-8). Calculate the greatest common divisor of r and x.
5
Let l(j) = -j**2 - 8*j + 25. Let q be l(-17). Let b = 468 + q. Suppose -5*g + b = 2*w, -w + g = w - 328. Calculate the highest common divisor of 15 and w.
15
Let f(v) = 11*v**2 - 4*v + 62. Let q be f(12). Calculate the greatest common divisor of 94 and q.
94
Suppose -2*r - 5*p + 233 = -53, -5*r + 757 = 2*p. What is the greatest common divisor of r and 51?
51
Suppose 174 = 5*u + 9. Let h = -2300 - -2498. What is the greatest common factor of u and h?
33
Suppose 3*l = 41 + 13. Calculate the greatest common divisor of l and 45.
9
Suppose -8*v + 4*v = -20. Suppose 5*x = -3*f - v + 567, 0 = f - 2*x - 191. Let c = -84 + f. What is the greatest common divisor of c and 21?
21
Suppose 342 = 41*l - 22*l. Calculate the greatest common divisor of 4302 and l.
18
Let o = 681 + -358. Calculate the greatest common factor of o and 34.
17
Suppose 2*z = s - 50, -4*z - 180 = -3*s - 28. Let u = s - 25. What is the highest common divisor of 3 and u?
3
Let k(f) = -f**2 + 3*f + 1. Let n be k(3). Suppose a + 0 = -n. Let j be a - (0 + 3) - -134. What is the greatest common factor of 26 and j?
26
Let d(b) = b**2 - 8*b 